{"id":10,"date":"2026-03-22T14:08:20","date_gmt":"2026-03-22T13:08:20","guid":{"rendered":"http:\/\/chatygajowego.pl\/?page_id=10"},"modified":"2026-04-08T13:16:38","modified_gmt":"2026-04-08T11:16:38","slug":"kontakt","status":"publish","type":"page","link":"https:\/\/chatygajowego.pl\/?page_id=10","title":{"rendered":"Kontakt"},"content":{"rendered":"\n<p><strong>Dane firmy:<\/strong><\/p>\n\n\n\n<p><strong>Joanna Pecka<\/strong> &#8211; <strong>Chaty Gajowego w Bieszczadach<\/strong><\/p>\n\n\n\n<p><strong>z siedzib\u0105: Myczk\u00f3w 100, 38-610 Pola\u0144czyk <\/strong><\/p>\n\n\n\n<p><strong>NIP 6881240605<\/strong><\/p>\n\n\n\n<p><strong>Zapytaj o wolny termin korzystaj\u0105c z formularza:<\/strong><\/p>\n\n\n\n<div class=\"wpcf7 no-js\" id=\"wpcf7-f4-o1\" lang=\"pl-PL\" dir=\"ltr\" data-wpcf7-id=\"4\">\n<div class=\"screen-reader-response\"><p role=\"status\" aria-live=\"polite\" aria-atomic=\"true\"><\/p> <ul><\/ul><\/div>\n<form action=\"\/index.php?rest_route=%2Fwp%2Fv2%2Fpages%2F10#wpcf7-f4-o1\" method=\"post\" class=\"wpcf7-form init\" aria-label=\"Formularz kontaktowy\" novalidate=\"novalidate\" data-status=\"init\">\n<fieldset class=\"hidden-fields-container\"><input type=\"hidden\" name=\"_wpcf7\" value=\"4\" \/><input type=\"hidden\" name=\"_wpcf7_version\" value=\"6.1.5\" \/><input type=\"hidden\" name=\"_wpcf7_locale\" value=\"pl_PL\" \/><input type=\"hidden\" name=\"_wpcf7_unit_tag\" value=\"wpcf7-f4-o1\" \/><input type=\"hidden\" name=\"_wpcf7_container_post\" value=\"0\" \/><input type=\"hidden\" name=\"_wpcf7_posted_data_hash\" value=\"\" \/>\n<\/fieldset>\n<p><label> Twoj\u0119 imi\u0119 i nazwisko<br \/>\n<span class=\"wpcf7-form-control-wrap\" data-name=\"your-name\"><input size=\"40\" maxlength=\"400\" class=\"wpcf7-form-control wpcf7-text wpcf7-validates-as-required\" autocomplete=\"name\" aria-required=\"true\" aria-invalid=\"false\" value=\"\" type=\"text\" name=\"your-name\" \/><\/span> <\/label>\n<\/p>\n<p><label> Tw\u00f3j email<br \/>\n<span class=\"wpcf7-form-control-wrap\" data-name=\"your-email\"><input size=\"40\" maxlength=\"400\" class=\"wpcf7-form-control wpcf7-email wpcf7-validates-as-required wpcf7-text wpcf7-validates-as-email\" autocomplete=\"email\" aria-required=\"true\" aria-invalid=\"false\" value=\"\" type=\"email\" name=\"your-email\" \/><\/span> <\/label>\n<\/p>\n<p><label> Temat<br \/>\n<span class=\"wpcf7-form-control-wrap\" data-name=\"your-subject\"><input size=\"40\" maxlength=\"400\" class=\"wpcf7-form-control wpcf7-text wpcf7-validates-as-required\" aria-required=\"true\" aria-invalid=\"false\" value=\"\" type=\"text\" name=\"your-subject\" \/><\/span> <\/label>\n<\/p>\n<p><label> Twoja wiadomo\u015b\u0107<br \/>\n<span class=\"wpcf7-form-control-wrap\" data-name=\"your-message\"><textarea cols=\"40\" rows=\"10\" maxlength=\"2000\" class=\"wpcf7-form-control wpcf7-textarea\" aria-invalid=\"false\" name=\"your-message\"><\/textarea><\/span> <\/label>\n<\/p>\n<p><input class=\"wpcf7-form-control wpcf7-submit has-spinner\" type=\"submit\" value=\"Wy\u015blij\" \/>\n<\/p><div class=\"wpcf7-response-output\" aria-hidden=\"true\"><\/div>\n<\/form>\n<\/div>\n\n","protected":false},"excerpt":{"rendered":"<p>Dane firmy: Joanna Pecka &#8211; Chaty Gajowego w Bieszczadach z siedzib\u0105: Myczk\u00f3w 100, 38-610 Pola\u0144czyk NIP 6881240605 Zapytaj o wolny termin korzystaj\u0105c z formularza:<\/p>\n","protected":false},"author":1,"featured_media":0,"parent":0,"menu_order":0,"comment_status":"closed","ping_status":"closed","template":"","meta":{"footnotes":""},"class_list":["post-10","page","type-page","status-publish","hentry"],"yoast_head":"<!-- This site is optimized with the Yoast SEO plugin v27.1 - https:\/\/yoast.com\/product\/yoast-seo-wordpress\/ -->\n<title>Kontakt - Chaty Gajowego w Bieszczadach<\/title>\n<meta name=\"robots\" content=\"index, follow, max-snippet:-1, max-image-preview:large, max-video-preview:-1\" \/>\n<link rel=\"canonical\" href=\"http:\/\/chatygajowego.pl\/?page_id=10\" \/>\n<meta property=\"og:locale\" content=\"pl_PL\" \/>\n<meta property=\"og:type\" content=\"article\" \/>\n<meta property=\"og:title\" content=\"Kontakt - Chaty Gajowego w Bieszczadach\" \/>\n<meta property=\"og:description\" content=\"Dane firmy: Joanna Pecka &#8211; Chaty Gajowego w Bieszczadach z siedzib\u0105: Myczk\u00f3w 100, 38-610 Pola\u0144czyk NIP 6881240605 Zapytaj o wolny termin korzystaj\u0105c z formularza:\" \/>\n<meta property=\"og:url\" content=\"http:\/\/chatygajowego.pl\/?page_id=10\" \/>\n<meta property=\"og:site_name\" content=\"Chaty Gajowego w Bieszczadach\" \/>\n<meta property=\"article:modified_time\" content=\"2026-04-08T11:16:38+00:00\" \/>\n<meta name=\"twitter:label1\" content=\"Szacowany czas czytania\" \/>\n\t<meta name=\"twitter:data1\" content=\"1 minuta\" \/>\n<script type=\"application\/ld+json\" class=\"yoast-schema-graph\">{\"@context\":\"https:\/\/schema.org\",\"@graph\":[{\"@type\":\"WebPage\",\"@id\":\"http:\/\/chatygajowego.pl\/?page_id=10\",\"url\":\"http:\/\/chatygajowego.pl\/?page_id=10\",\"name\":\"Kontakt - Chaty Gajowego w Bieszczadach\",\"isPartOf\":{\"@id\":\"http:\/\/chatygajowego.pl\/#website\"},\"datePublished\":\"2026-03-22T13:08:20+00:00\",\"dateModified\":\"2026-04-08T11:16:38+00:00\",\"breadcrumb\":{\"@id\":\"http:\/\/chatygajowego.pl\/?page_id=10#breadcrumb\"},\"inLanguage\":\"pl-PL\",\"potentialAction\":[{\"@type\":\"ReadAction\",\"target\":[\"http:\/\/chatygajowego.pl\/?page_id=10\"]}]},{\"@type\":\"BreadcrumbList\",\"@id\":\"http:\/\/chatygajowego.pl\/?page_id=10#breadcrumb\",\"itemListElement\":[{\"@type\":\"ListItem\",\"position\":1,\"name\":\"Home\",\"item\":\"http:\/\/chatygajowego.pl\/\"},{\"@type\":\"ListItem\",\"position\":2,\"name\":\"Kontakt\"}]},{\"@type\":\"WebSite\",\"@id\":\"http:\/\/chatygajowego.pl\/#website\",\"url\":\"http:\/\/chatygajowego.pl\/\",\"name\":\"Chaty Gajowego w Bieszczadach\",\"description\":\"Serce bieszczadzkiej natury\",\"publisher\":{\"@id\":\"http:\/\/chatygajowego.pl\/#organization\"},\"potentialAction\":[{\"@type\":\"SearchAction\",\"target\":{\"@type\":\"EntryPoint\",\"urlTemplate\":\"http:\/\/chatygajowego.pl\/?s={search_term_string}\"},\"query-input\":{\"@type\":\"PropertyValueSpecification\",\"valueRequired\":true,\"valueName\":\"search_term_string\"}}],\"inLanguage\":\"pl-PL\"},{\"@type\":\"Organization\",\"@id\":\"http:\/\/chatygajowego.pl\/#organization\",\"name\":\"Chaty Gajowego w Bieszczadach\",\"url\":\"http:\/\/chatygajowego.pl\/\",\"logo\":{\"@type\":\"ImageObject\",\"inLanguage\":\"pl-PL\",\"@id\":\"http:\/\/chatygajowego.pl\/#\/schema\/logo\/image\/\",\"url\":\"https:\/\/chatygajowego.pl\/wp-content\/uploads\/2026\/03\/cropped-file_00000000330c724686809b8c5ba5dc8f.png\",\"contentUrl\":\"https:\/\/chatygajowego.pl\/wp-content\/uploads\/2026\/03\/cropped-file_00000000330c724686809b8c5ba5dc8f.png\",\"width\":1112,\"height\":818,\"caption\":\"Chaty Gajowego w Bieszczadach \"},\"image\":{\"@id\":\"http:\/\/chatygajowego.pl\/#\/schema\/logo\/image\/\"}}]}<\/script>\n<!-- \/ Yoast SEO plugin. -->","yoast_head_json":{"title":"Kontakt - Chaty Gajowego w Bieszczadach","robots":{"index":"index","follow":"follow","max-snippet":"max-snippet:-1","max-image-preview":"max-image-preview:large","max-video-preview":"max-video-preview:-1"},"canonical":"http:\/\/chatygajowego.pl\/?page_id=10","og_locale":"pl_PL","og_type":"article","og_title":"Kontakt - Chaty Gajowego w Bieszczadach","og_description":"Dane firmy: Joanna Pecka &#8211; Chaty Gajowego w Bieszczadach z siedzib\u0105: Myczk\u00f3w 100, 38-610 Pola\u0144czyk NIP 6881240605 Zapytaj o wolny termin korzystaj\u0105c z formularza:","og_url":"http:\/\/chatygajowego.pl\/?page_id=10","og_site_name":"Chaty Gajowego w Bieszczadach","article_modified_time":"2026-04-08T11:16:38+00:00","twitter_misc":{"Szacowany czas czytania":"1 minuta"},"schema":{"@context":"https:\/\/schema.org","@graph":[{"@type":"WebPage","@id":"http:\/\/chatygajowego.pl\/?page_id=10","url":"http:\/\/chatygajowego.pl\/?page_id=10","name":"Kontakt - Chaty Gajowego w Bieszczadach","isPartOf":{"@id":"http:\/\/chatygajowego.pl\/#website"},"datePublished":"2026-03-22T13:08:20+00:00","dateModified":"2026-04-08T11:16:38+00:00","breadcrumb":{"@id":"http:\/\/chatygajowego.pl\/?page_id=10#breadcrumb"},"inLanguage":"pl-PL","potentialAction":[{"@type":"ReadAction","target":["http:\/\/chatygajowego.pl\/?page_id=10"]}]},{"@type":"BreadcrumbList","@id":"http:\/\/chatygajowego.pl\/?page_id=10#breadcrumb","itemListElement":[{"@type":"ListItem","position":1,"name":"Home","item":"http:\/\/chatygajowego.pl\/"},{"@type":"ListItem","position":2,"name":"Kontakt"}]},{"@type":"WebSite","@id":"http:\/\/chatygajowego.pl\/#website","url":"http:\/\/chatygajowego.pl\/","name":"Chaty Gajowego w Bieszczadach","description":"Serce bieszczadzkiej natury","publisher":{"@id":"http:\/\/chatygajowego.pl\/#organization"},"potentialAction":[{"@type":"SearchAction","target":{"@type":"EntryPoint","urlTemplate":"http:\/\/chatygajowego.pl\/?s={search_term_string}"},"query-input":{"@type":"PropertyValueSpecification","valueRequired":true,"valueName":"search_term_string"}}],"inLanguage":"pl-PL"},{"@type":"Organization","@id":"http:\/\/chatygajowego.pl\/#organization","name":"Chaty Gajowego w Bieszczadach","url":"http:\/\/chatygajowego.pl\/","logo":{"@type":"ImageObject","inLanguage":"pl-PL","@id":"http:\/\/chatygajowego.pl\/#\/schema\/logo\/image\/","url":"https:\/\/chatygajowego.pl\/wp-content\/uploads\/2026\/03\/cropped-file_00000000330c724686809b8c5ba5dc8f.png","contentUrl":"https:\/\/chatygajowego.pl\/wp-content\/uploads\/2026\/03\/cropped-file_00000000330c724686809b8c5ba5dc8f.png","width":1112,"height":818,"caption":"Chaty Gajowego w Bieszczadach "},"image":{"@id":"http:\/\/chatygajowego.pl\/#\/schema\/logo\/image\/"}}]}},"_links":{"self":[{"href":"https:\/\/chatygajowego.pl\/index.php?rest_route=\/wp\/v2\/pages\/10","targetHints":{"allow":["GET"]}}],"collection":[{"href":"https:\/\/chatygajowego.pl\/index.php?rest_route=\/wp\/v2\/pages"}],"about":[{"href":"https:\/\/chatygajowego.pl\/index.php?rest_route=\/wp\/v2\/types\/page"}],"author":[{"embeddable":true,"href":"https:\/\/chatygajowego.pl\/index.php?rest_route=\/wp\/v2\/users\/1"}],"replies":[{"embeddable":true,"href":"https:\/\/chatygajowego.pl\/index.php?rest_route=%2Fwp%2Fv2%2Fcomments&post=10"}],"version-history":[{"count":3,"href":"https:\/\/chatygajowego.pl\/index.php?rest_route=\/wp\/v2\/pages\/10\/revisions"}],"predecessor-version":[{"id":51,"href":"https:\/\/chatygajowego.pl\/index.php?rest_route=\/wp\/v2\/pages\/10\/revisions\/51"}],"wp:attachment":[{"href":"https:\/\/chatygajowego.pl\/index.php?rest_route=%2Fwp%2Fv2%2Fmedia&parent=10"}],"curies":[{"name":"wp","href":"https:\/\/api.w.org\/{rel}","templated":true}]}}